{"id":8,"date":"2017-07-15T13:53:57","date_gmt":"2017-07-15T11:53:57","guid":{"rendered":"http:\/\/lesabeillesdesaclay.com\/?page_id=8"},"modified":"2023-09-30T14:32:51","modified_gmt":"2023-09-30T12:32:51","slug":"a-propos-de","status":"publish","type":"page","link":"https:\/\/lesabeillesdesaclay.com\/?page_id=8","title":{"rendered":"\u00c0 propos de"},"content":{"rendered":"<p>L&rsquo;association \u00ab\u00a0Les Abeilles de Saclay\u00a0\u00bb est r\u00e9gie par la loi du 1<sup>er<\/sup> juillet 1901 et le d\u00e9cret du 16 ao\u00fbt 1901.\u00a0 Cette association a pour objet, en dehors de toute pr\u00e9occupation politique ou confessionnelle, de :<\/p>\n<ul>\n<li>Promouvoir l&rsquo;apiculture et l&rsquo;utilit\u00e9 des abeilles pour l&rsquo;environnement,<\/li>\n<li>Permettre \u00e0 des personnes int\u00e9ress\u00e9es par l&rsquo;apiculture d&rsquo;acqu\u00e9rir des connaissances apicoles, de g\u00e9rer une ou plusieurs ruches et d&rsquo;en r\u00e9colter le miel,<\/li>\n<li>Promouvoir la biodiversit\u00e9 en milieu rural et urbain,<\/li>\n<li>Contribuer, via l&rsquo;apiculture, \u00e0 renforcer le lien social dans la commune de SACLAY et ses environs, en particulier entre g\u00e9n\u00e9rations.<\/li>\n<\/ul>\n<p>Tous ses membres sont b\u00e9n\u00e9voles.<\/p>\n<p>Le bureau de l&rsquo;association est actuellement compos\u00e9 des personnes suivantes :<\/p>\n<ul>\n<li>Pr\u00e9sidente : Fran\u00e7oise Pitrou<\/li>\n<\/ul>\n<p><img loading=\"lazy\" decoding=\"async\" class=\"size-full wp-image-137 alignleft\" src=\"https:\/\/lesabeillesdesaclay.com\/wp-content\/uploads\/2017\/07\/fp-web-e1500312125649.jpg\" alt=\"\" width=\"100\" height=\"110\" \/><\/p>\n<p>Apr\u00e8s avoir exerc\u00e9 la m\u00e9decine g\u00e9n\u00e9rale de 1982 \u00e0 2012 \u00e0 Saclay, Fran\u00e7oise s&rsquo;est d&rsquo;abord form\u00e9e aux techniques de l&rsquo;apiculture \u00e0 titre individuel, puis a \u00e9t\u00e9 adh\u00e9rente aux &lsquo;Ruchers de Jouy&rsquo; pendant 3 ans. En 2015 elle cr\u00e9e &lsquo;Les abeilles de Saclay&rsquo;\u00a0 gr\u00e2ce \u00e0 l&rsquo;appui enthousiaste et efficace de la municipalit\u00e9 qui a fourni gracieusement terrain et locaux.<\/p>\n<ul>\n<li>Tr\u00e9sorier\u00a0 : Henri Cazier<\/li>\n<li>Secr\u00e9taire : Kathrin Marheineke<\/li>\n<\/ul>\n<p>Deux commissions ont \u00e9t\u00e9 cr\u00e9\u00e9es :<\/p>\n<ul>\n<li>Gestion des espaces verts : Didier Duvaldestin<\/li>\n<li>Mat\u00e9riel et Travaux : Jean-Philippe Roucher<\/li>\n<\/ul>\n","protected":false},"excerpt":{"rendered":"<p>L&rsquo;association \u00ab\u00a0Les Abeilles de Saclay\u00a0\u00bb est r\u00e9gie par la loi du 1er juillet 1901 et le d\u00e9cret du 16 ao\u00fbt 1901.\u00a0 Cette association a pour objet, en dehors de toute pr\u00e9occupation politique ou confessionnelle, de : Promouvoir l&rsquo;apiculture et l&rsquo;utilit\u00e9 des abeilles pour l&rsquo;environnement, Permettre \u00e0 des personnes int\u00e9ress\u00e9es par l&rsquo;apiculture d&rsquo;acqu\u00e9rir des connaissances apicoles, &hellip; <\/p>\n<p class=\"link-more\"><a href=\"https:\/\/lesabeillesdesaclay.com\/?page_id=8\" class=\"more-link\">Continuer la lecture<span class=\"screen-reader-text\"> de &laquo;&nbsp;\u00c0 propos de&nbsp;&raquo;<\/span><\/a><\/p>\n","protected":false},"author":1,"featured_media":38,"parent":0,"menu_order":0,"comment_status":"closed","ping_status":"closed","template":"","meta":{"footnotes":""},"class_list":["post-8","page","type-page","status-publish","has-post-thumbnail","hentry"],"_links":{"self":[{"href":"https:\/\/lesabeillesdesaclay.com\/index.php?rest_route=\/wp\/v2\/pages\/8","targetHints":{"allow":["GET"]}}],"collection":[{"href":"https:\/\/lesabeillesdesaclay.com\/index.php?rest_route=\/wp\/v2\/pages"}],"about":[{"href":"https:\/\/lesabeillesdesaclay.com\/index.php?rest_route=\/wp\/v2\/types\/page"}],"author":[{"embeddable":true,"href":"https:\/\/lesabeillesdesaclay.com\/index.php?rest_route=\/wp\/v2\/users\/1"}],"replies":[{"embeddable":true,"href":"https:\/\/lesabeillesdesaclay.com\/index.php?rest_route=%2Fwp%2Fv2%2Fcomments&post=8"}],"version-history":[{"count":28,"href":"https:\/\/lesabeillesdesaclay.com\/index.php?rest_route=\/wp\/v2\/pages\/8\/revisions"}],"predecessor-version":[{"id":414,"href":"https:\/\/lesabeillesdesaclay.com\/index.php?rest_route=\/wp\/v2\/pages\/8\/revisions\/414"}],"wp:featuredmedia":[{"embeddable":true,"href":"https:\/\/lesabeillesdesaclay.com\/index.php?rest_route=\/wp\/v2\/media\/38"}],"wp:attachment":[{"href":"https:\/\/lesabeillesdesaclay.com\/index.php?rest_route=%2Fwp%2Fv2%2Fmedia&parent=8"}],"curies":[{"name":"wp","href":"https:\/\/api.w.org\/{rel}","templated":true}]}}

À propos de

<p>L&rsquo;association « Les Abeilles de Saclay » est régie par la loi du 1<sup>er</sup> juillet 1901 et le décret du 16 août 1901.  Cette association a pour objet, en dehors de toute préoccupation politique ou confessionnelle, de :</p>
<ul>
<li>Promouvoir l&rsquo;apiculture et l&rsquo;utilité des abeilles pour l&rsquo;environnement,</li>
<li>Permettre à des personnes intéressées par l&rsquo;apiculture d&rsquo;acquérir des connaissances apicoles, de gérer une ou plusieurs ruches et d&rsquo;en récolter le miel,</li>
<li>Promouvoir la biodiversité en milieu rural et urbain,</li>
<li>Contribuer, via l&rsquo;apiculture, à renforcer le lien social dans la commune de SACLAY et ses environs, en particulier entre générations.</li>
</ul>
<p>Tous ses membres sont bénévoles.</p>
<p>Le bureau de l&rsquo;association est actuellement composé des personnes suivantes :</p>
<ul>
<li>Présidente : Françoise Pitrou</li>
</ul>
<p><img loading="lazy" decoding="async" class="size-full wp-image-137 alignleft" src="https://lesabeillesdesaclay.com/wp-content/uploads/2017/07/fp-web-e1500312125649.jpg" alt="" width="100" height="110" /></p>
<p>Après avoir exercé la médecine générale de 1982 à 2012 à Saclay, Françoise s&rsquo;est d&rsquo;abord formée aux techniques de l&rsquo;apiculture à titre individuel, puis a été adhérente aux &lsquo;Ruchers de Jouy&rsquo; pendant 3 ans. En 2015 elle crée &lsquo;Les abeilles de Saclay&rsquo;  grâce à l&rsquo;appui enthousiaste et efficace de la municipalité qui a fourni gracieusement terrain et locaux.</p>
<ul>
<li>Trésorier  : Henri Cazier</li>
<li>Secrétaire : Kathrin Marheineke</li>
</ul>
<p>Deux commissions ont été créées :</p>
<ul>
<li>Gestion des espaces verts : Didier Duvaldestin</li>
<li>Matériel et Travaux : Jean-Philippe Roucher</li>
</ul>

<p>L&rsquo;association « Les Abeilles de Saclay » est régie par la loi du 1er juillet 1901 et le décret du 16 août 1901.  Cette association a pour objet, en dehors de toute préoccupation politique ou confessionnelle, de : Promouvoir l&rsquo;apiculture et l&rsquo;utilité des abeilles pour l&rsquo;environnement, Permettre à des personnes intéressées par l&rsquo;apiculture d&rsquo;acquérir des connaissances apicoles, &hellip; </p>
<p class="link-more"><a href="https://lesabeillesdesaclay.com/?page_id=8" class="more-link">Continuer la lecture<span class="screen-reader-text"> de &laquo;&nbsp;À propos de&nbsp;&raquo;</span></a></p>
